9
What is the ten millions digit of 810021406?
1
What is the millions digit of 3535967192?
5
What is the thousands digit of 915138507?
8
What is the hundreds digit of 1294750309?
3
What is the millions digit of 37137832?
7
What is the hundreds digit of 5076186252?
2
What is the hundreds digit of 437510846?
8
What is the ten thousands digit of 61357464?
5
What is the ten thousands digit of 38133786?
3
What is the hundred thousands digit of 229096421?
0
What is the ten millions digit of 25942556?
2
What is the ten thousands digit of 580335786?
3
What is the hundred thousands digit of 103639625?
6
What is the hundreds digit of 2157960583?
5
What is the thousands digit of 433810788?
0
What is the hundreds digit of 319342367?
3
What is the hundred thousands digit of 82465132?
4
What is the millions digit of 2169265855?
9
What is the millions digit of 16418747?
6
What is the tens digit of 368188832?
3
What is the millions digit of 94882491?
4
What is the tens digit of 750197796?
9
What is the hundreds digit of 66942835?
8
What is the hundred millions digit of 155043684?
1
What is the millions digit of 16819492?
6
What is the millions digit of 22963614?
2
What is the tens digit of 1213430661?
6
What is the hundred thousands digit of 649944479?
9
What is the thousands digit of 33670128?
0
What is the ten millions digit of 263780975?
6
What is the thousands digit of 58223475?
3
What is the hundred millions digit of 118529869?
1
What is the hundred thousands digit of 1378042559?
0
What is the millions digit of 1725568868?
5
What is the thousands digit of 519228952?
8
What is the units digit of 2073066777?
7
What is the thousands digit of 8344653?
4
What is the thousands digit of 110730981?
0
What is the ten millions digit of 396548610?
9
What is the hundred thousands digit of 2033006009?
0
What is the hundreds digit of 726492426?
4
What is the ten thousands digit of 23916741?
1
What is the ten thousands digit of 49049137?
4
What is the tens digit of 60627691?
9
What is the hundred thousands digit of 113380635?
3
What is the ten millions digit of 233387955?
3
What is the tens digit of 19448953?
5
What is the millions digit of 981048311?
1
What is the ten thousands digit of 7517433711?
3
What is the hundreds digit of 4498900859?
8
What is the hundreds digit of 815722?
7
What is the billions digit of 8570942604?
8
What is the hundred millions digit of 135832416?
1
What is the ten millions digit of 172287533?
7
What is the hundreds digit of 38484765?
7
What is the millions digit of 104769055?
4
What is the tens digit of 37346770?
7
What is the units digit of 38795117?
7
What is the ten millions digit of 135459501?
3
What is the hundred thousands digit of 24033200?
0
What is the hundred thousands digit of 77250642?
2
What is the units digit of 793554348?
8
What is the ten thousands digit of 159644735?
4
What is the units digit of 44478823?
3
What is the millions digit of 86925803?
6
What is the hundred thousands digit of 886415190?
4
What is the units digit of 78900617?
7
What is the ten millions digit of 105616339?
0
What is the millions digit of 582822914?
2
What is the units digit of 74313293?
3
What is the hundreds digit of 31026220?
2
What is the tens digit of 885561282?
8
What is the millions digit of 28333598?
8
What is the millions digit of 54892722?
4
What is the hundred thousands digit of 109756957?
7
What is the ten thousands digit of 135483365?
8
What is the ten millions digit of 35263892?
3
What is the ten millions digit of 119122108?
1
What is the hundred thousands digit of 5484396?
4
What is the units digit of 642423482?
2
What is the ten thousands digit of 433029804?
2
What is the hundred thousands digit of 24326403?
3
What is the hundreds digit of 23940621?
6
What is the hundreds digit of 79748614?
6
What is the hundred thousands digit of 116774527?
7
What is the tens digit of 50525568?
6
What is the hundreds digit of 57798007?
0
What is the ten thousands digit of 155914761?
1
What is the ten millions digit of 67053187?
6
What is the ten thousands digit of 249203690?
0
What is the ten millions digit of 284978170?
8
What is the hundred thousands digit of 38129409?
1
What is the hundred millions digit of 267076689?
2
What is the hundred thousands digit of 46631860?
6
What is the millions digit of 20688916?
0
What is the millions digit of 2220426931?
0
What is the ten millions digit of 103202126?
0
What is the hundred millions digit of 5017844628?
0
What is the hundred thousands digit of 74570246?
5
What is the hundreds digit of 654446993?
9
What is the millions digit of 362994298?
2
What is the hundreds digit of 2731082547?
5
What is the millions digit of 122621562?
2
What is the hundred thousands digit of 79018333?
0
What is the ten thousands digit of 9087789?
8
What is the hundred thousands digit of 1405901388?
9
What is the thousands digit of 4173830?
3
What is the hundred millions digit of 291930102?
2
What is the ten thousands digit of 6994046?
9
What is the units digit of 95603622?
2
What is the tens digit of 1033325?
2
What is the units digit of 15381803?
3
What is the ten millions digit of 192643983?
9
What is the thousands digit of 377925668?
5
What is the tens digit of 25884082?
8
What is the tens digit of 940837623?
2
What is the thousands digit of 470385?
0
What is the thousands digit of 23629503?
9
What is the ten millions digit of 148218356?
4
What is the units digit of 479663199?
9
What is the thousands digit of 258108893?
8
What is the hundred millions digit of 766251541?
7
What is the hundred thousands digit of 219839113?
8
What is the hundred thousands digit of 244898220?
8
What is the millions digit of 124071535?
4
What is the ten millions digit of 1204220809?
0
What is the hundred thousands digit of 2472725547?
7
What is the tens digit of 1251150747?
4
What is the units digit of 190643030?
0
What is the thousands digit of 8224606?
4
What is the ten thousands digit of 33084658?
8
What is the hundreds digit of 475089599?
5
What is the hundred millions digit of 313187999?
3
What is the ten thousands digit of 59428293?
2
What is the ten millions digit of 31173016?
3
What is the units digit of 1092567585?
5
What is the millions digit of 72789717?
2
What is the hundred thousands digit of 91850195?
8
What is the units digit of 34941270?
0
What is the hundreds digit of 211246954?
9
What is the millions digit of 124948724?
4
What is the hundred thousands digit of 7892725?
8
What is the hundreds digit of 11800126?
1
What is the thousands digit of 57009316?
9
What is the thousands digit of 4351415823?
5
What is the millions digit of 65024726?
5
What is the billions digit of 1642015392?
1
What is the units digit of 1387241747?
7
What is the ten thousands digit of 3530906883?
0
What is the thousands digit of 2037340596?
0
What is the ten millions digit of 27065113?
2
What is the hundreds digit of 116954124?
1
What is the hundreds digit of 35575246?
2
What is the hundreds digit of 59609591?
5
What is the tens digit of 44503282?
8
What is the units digit of 103989316?
6
What is the units digit of 159964827?
7
What is the tens digit of 685651958?
5
What is the ten thousands digit of 9015685?
1
What is the hundreds digit of 363534798?
7
What is the hundred thousands digit of 127806744?
8
What is the hundreds digit of 2003556225?
2
What is the thousands digit of 11648032?
8
What is the ten thousands digit of 49483083?
8
What is the ten thousands digit of 20204301?
0
What is the thousands digit of 1402601482?
1
What is the ten millions digit of 75613893?
7
What is the units digit of 3425912537?
7
What is the hundreds digit of 48722999?
9
What is the ten millions digit of 816676923?
1
What is the ten thousands digit of 950763814?
6
What is the ten millions digit of 1545694761?
4
What is the ten thousands digit of 147126726?
2
What is the thousands digit of 44841616?
1
What is the hundred thousands digit of 2003647021?
6
What is the millions digit of 617015712?
7
What is the hundred millions digit of 4173033725?
1
What is the hundred thousands digit of 120098600?
0
What is the ten millions digit of 47510548?
4
What is the units digit of 65066901?
1
What is the thousands digit of 132831556?
1
What is the hundred millions digit of 149370521?